39 = -c*h + 17*h. What is the tens digit of h?
3
Suppose 98*u - 2288336 = 124816. What is the hundreds digit of u?
6
What is the units digit of (1396570/(-105))/((-8)/12)?
1
Suppose -230457 + 2162373 = 42*y. What is the ten thousands digit of y?
4
Let v = 5064 + -2440. What is the units digit of v?
4
Let d(l) = 3*l - 25. Let o be d(23). Suppose -4 + o = 2*t. Suppose -116 = t*i - 22*i. What is the tens digit of i?
5
Suppose 15*a - 13*a = 64. Let i = a + -32. What is the units digit of (-1)/((-1)/118) - i/(-13)?
8
Let l(j) = -4*j**2 - 35*j + 70. Let a be l(2). What is the thousands digit of 3/(-6)*(-3552 + a)?
1
Suppose -2*f - 189 = -5*o - 69, 86 = 3*o - 4*f. What is the units digit of -2 + (-72)/(-33) + 1338/o?
1
Let q(w) be the first derivative of -w**4/4 + 4*w**3 + 10*w**2 - 11*w + 31. Let y be q(13). What is the tens digit of 216/(-30)*(-7)/(21/y)?
9
Let d be 7/(-1 + (-5)/(-4)). Let j = d + -26. Suppose -j*s + s = -45. What is the units digit of s?
5
Let z = -24250 - -25413. What is the units digit of z?
3
Suppose 0 = 3*x + 4*f + f - 37, -4*x - 2*f + 26 = 0. Suppose 9*v - 1731 = 6*v - x*m, -2295 = -4*v - m. What is the tens digit of v?
7
Let w = -186 + 189. Suppose -13*v + 12*v = -5*n + 560, 0 = 3*n - w*v - 336. What is the hundreds digit of n?
1
Let l(q) = -14*q**3 + 6*q**2 - 19*q - 1. What is the tens digit of l(-4)?
6
Let s = -23424 - -31923. What is the units digit of s?
9
Let p(o) = -35 + 33 - 20*o + 3*o + 2*o**3. Let f be p(-5). Let t = f - -247. What is the tens digit of t?
8
Let b = -1400 - -3072. Let a = b + -1189. What is the hundreds digit of a?
4
What is the thousands digit of (208920/(-50))/(8/(320/(-12)))?
3
Suppose -4*l + 59 + 37 = 0. Suppose -13*y = -2 - l. Suppose -y*o - 22 = -268. What is the hundreds digit of o?
1
Suppose -25*k + 23*k + 3*j + 473 = 0, k - 229 = 4*j. What is the tens digit of k?
4
Suppose -19*z + 16*z + 1830 = 0. Let h = z + -423. Suppose 118 = 5*r - h. What is the units digit of r?
1
Let b(t) = 2191*t**2 + 118*t + 234. What is the units digit of b(-2)?
2
Let y be (-1)/((78/(-516))/(-13)). Let q = 391 - y. What is the units digit of q?
7
Suppose 243297 = 5*a + 3*j, a + 0*j - 48681 = 3*j. What is the hundreds digit of a?
6
Let c(u) = -u + 13. Let r be c(-13). Let q = -27 + r. What is the tens digit of 56 - 5/(-6 - q)?
5
Let m be (129465/10)/((-6)/(-8)). Suppose -98*t + 84*t + m = 0. What is the thousands digit of t?
1
Let i = 3669 - 890. Suppose 17*x + i = 24*x. What is the hundreds digit of x?
3
Suppose 0 = 33*a - 12*a - 353955. What is the units digit of a?
5
Suppose -2 - 8 = -5*k + 5*j, 2*k - 4 = -3*j. Suppose -h + k*h - 790 = 3*r, -5*h + 3886 = r. What is the hundreds digit of h?
7
Let l(w) = -w**2 + 7*w - 5. Let n be l(5). Suppose 2*t - 129 = 71. Suppose -n*q + 240 = 5*d, 2*q - t = -d - 3*d. What is the tens digit of q?
4
Let g = -160 + 171. Suppose 5497 = g*o - 1290. What is the units digit of o?
7
Suppose 0 = -6*n + 48. Let r(g) = 49*g**2 - 7*g - 5. Let h(v) = 74*v**2 - 11*v - 8. Let t(q) = n*r(q) - 5*h(q). What is the tens digit of t(1)?
2
Let b be 973/14*(-1 + 3). Suppose i + b - 535 = 0. Suppose 7*r = 11*r - i. What is the tens digit of r?
9
Suppose -2*z + 0*z + 4 = 4*d, 5*d = 5*z + 5. Suppose 5*w - 15 = 0, z = 2*r + 2*w - 3*w - 779. What is the tens digit of r?
9
Let r(h) = h**3 - 5*h**2 + 6*h - 6. Let z be r(4). Suppose 5*x = -4*t + 129, 3*x - 78 = -z*t - t. What is the tens digit of (112 - x)*(-7)/(-3)?
0
What is the ten thousands digit of ((-72)/12)/6 + 35432?
3
Let i(y) = -y**3 + 11*y**2 + 15*y - 39. Let m(f) = 3*f + 21. Let o be m(-4). What is the units digit of i(o)?
8
Let x be 2/(-2) - (-2 - 3). Let h be (-18)/(-81) - x/18. Suppose -5*z = k - h*k - 85, 4*k - 296 = 2*z. What is the units digit of k?
5
Let b = -55 - -58. Suppose 0 = 2*v + b*v - p - 2362, 4*p = -4*v + 1904. What is the hundreds digit of v?
4
Suppose -3*m + 29 = -2*m. Let f = m - 27. What is the tens digit of -51*4/(-12)*f?
3
Let k be ((-64)/24)/((-2)/21). Let w be (-4)/7 - 236/k. What is the units digit of 3/(w/(-6) - 4/8)?
3
Suppose -13*j + 11*j - 38 = 0. Let v be 4/(-38) - (-606)/j. What is the units digit of v/(-10)*350/20?
6
Let t = -379 - -386. Suppose -d = t*d - 2584. What is the units digit of d?
3
Let l(y) = y**2 + 15*y + 62. Let g be l(-6). What is the units digit of (-1152)/(-2) - (-8 + g)?
6
Suppose q - 2*q = -o + 32322, -q = -4*o + 129300. What is the units digit of (-1)/(-30)*4 + o/105?
8
Let s(j) = j**3 + 9*j**2 - 5*j + 19. Let c be (-8)/(-96) + (-355)/(-60). What is the units digit of s(c)?
9
Suppose -s - 2*u - 7 = -20, 23 = 2*s + 3*u. Suppose -1221 + 3979 = s*m. Let f = m + -128. What is the tens digit of f?
6
Suppose 159 - 109 = 2*v. Suppose -12147 - 15603 = -v*s. What is the tens digit of s?
1
Let p = 183 - 188. Let v(m) = 15*m**2 - 7*m - 23. What is the hundreds digit of v(p)?
3
Suppose 27*c - 34*c + 470700 = 43*c. What is the tens digit of c?
1
Let z(p) = 7*p + 2. Let m be 0/(1 + 3 + -2). Let g be z(m). Let t(w) = 9*w**3 - w**2 - w + 2. What is the tens digit of t(g)?
6
Suppose -m + 74 = 3*m - 2*f, -55 = -2*m - 5*f. What is the units digit of (-6 + m)/7 + 564?
6
Let d = -24 + 24. Suppose 4*x = -i - 0*i + 42, 4*i - 4*x - 188 = d. Suppose 0 = 2*y + 2*h - 124, y + 3*h - 118 = -i. What is the units digit of y?
7
Let t = 35 + -39. Let b be (188/t - 3) + -1. Let h = -18 - b. What is the tens digit of h?
3
Let s = 41 + -17. Suppose -5*r = 4*h - r - s, 0 = -5*h + 2*r + 2. What is the units digit of 3/6 - 235/(-2) - h?
6
Let b(s) = s**2 - 6*s - 1. Suppose -4*d + 0*d = -32. Let w be b(d). Suppose -w*t + 245 = -10*t. What is the tens digit of t?
4
Let r(a) = a**2 - 18*a - 11. Let k(w) = -53*w - 2. Let p be k(-1). Suppose 3*s - p = -4*h - h, 0 = 4*s + 4*h - 76. What is the units digit of r(s)?
7
Suppose -626*c = -679*c + 303955. What is the thousands digit of c?
5
Let k(j) = 2*j - 1. Let p be k(7). Suppose 3 = l - 5*a, 5*l - 5*a - p - 2 = 0. What is the tens digit of -4 - (-172 + (0 - l))?
7
Let z(v) = 975*v**2 + 130*v + 20. What is the units digit of z(5)?
5
Suppose 0 = z - 4*z + 12, 20 = 2*x + 4*z. Suppose 43*l + x = 45*l. What is the hundreds digit of 200*(2/1 - l) + 4?
2
Let w(m) = -m**2 + 16*m + 25. Suppose -2*h - 108 = -11*h. Let k be w(h). Let l = -50 + k. What is the tens digit of l?
2
Let c be (-16479)/(-21) - 7/(245/(-10)). Suppose -k + 3*h + 59 = -86, 5*k + 5*h = c. What is the hundreds digit of k?
1
Let z be 6/15*(-1)/(6/(-60)). Suppose -5*q + 3*v + 0*v = -363, -z*v + 284 = 4*q. What is the units digit of q?
2
Let q(y) = -2*y**3 - 75*y**2 - 910*y - 31. What is the tens digit of q(-15)?
9
Let g(x) = x**2 + 19*x + 8. Let k be g(-19). Suppose 11*h - 3 = k*h + 5*d, -5*h = d + 23. What is the units digit of h/(-14) + (-5538)/(-21)?
4
Let r be (-2)/(-7) - (-456)/21. Let j be -1*((-60)/33 - 4/r). Suppose 0 = -j*h - h + 153. What is the units digit of h?
1
Let k = -1259 + 2135. Let d = k - -463. What is the thousands digit of d?
1
Let j = -31527 + 44156. What is the units digit of j?
9
Let d be 31 + 0 - 3 - 0/(-3). Let k be (-2)/(-7) + (-36)/d. What is the tens digit of k - ((-13 - 2)*7)/1?
0
Let i = -13746 + 14142. What is the hundreds digit of i?
3
Suppose -51135 = j - 8*j. What is the tens digit of j?
0
Let q(h) = 4*h**3 + 4*h**2 - 7. Let t = -167 + 172. What is the tens digit of q(t)?
9
Let v(f) = -f**3 - 14*f**2 + 11*f - 9. Let i be v(-15). Let o = 64 - i. Suppose -o + 23 = 5*t. What is the units digit of t?
2
What is the units digit of (-866580)/(-455) - -2*(-6)/(-28)?
5
Suppose 7*v - 2*v - 11 = -4*l, 5*l - 25 = 5*v. What is the units digit of 529 + l + 56/(-7)?
5
Let f(b) be the first derivative of 185*b**3/3 + 3*b**2 + 7*b + 103. What is the units digit of f(-1)?
6
Let l(i) = i**3 + 43*i**2 + 38*i + 53. What is the tens digit of l(-30)?
1
What is the tens digit of 2765/315 + -9 - (1010470/(-18) + 1)?
3
Let d(t) = 21*t + 107. Let a be d(-5). Suppose 0 = -a*v - 6, 74 - 1701 = -5*y + 4*v. What is the hundreds digit of y?
3
Suppose 5*g - 490 = -5*j, -5*j + 4*j - 5*g = -114. Suppose 4*l + j = -66. What is the tens digit of (96/l)/6 - (-1704)/10?
7
Let j = -14 - 40. Suppose -17*t = -6*t - 1859. Let c = j + t. What is the units digit of c?
5
Let s = -646 - -648. Suppose 0 = s*x - 10, -5*w - 8*x = -13*x - 1655